st the prime factors of j.
13, 19
Let n(i) = i. Suppose -m - 2*q = m - 4, 2 = -2*m - 5*q. Let v be n(m). Suppose 0 = -0*k - v*k + 80. What are the prime factors of k?
2, 5
Suppose 3 = 5*b - 17. Suppose b*o + 10 = -o. What are the prime factors of o/(-2)*-7*-1?
7
Suppose -z = z + 2*d, 5*d = 3*z - 32. Suppose 5*g + 110 = 3*c, -4*g - 16 = -z*c + 120. List the prime factors of c.
2, 3, 5
What are the prime factors of 6/(-4) + ((-286)/4)/(-1)?
2, 5, 7
Suppose 4*s = 2*s + 3*v + 138, -s = 4*v - 58. What are the prime factors of s?
2, 3, 11
Suppose 5*s = -3*w + 15, 0*s + 5*w - 6 = -2*s. Suppose 0 = 2*k + 4, 5*k - 4 = s*y - 38. List the prime factors of y.
2
Suppose 3*b = -z + 29, b - 12 = z - 5. Let o(v) = -3 + 4 + v**2 - 4 - b*v - 4. List the prime factors of o(10).
3
Let i(b) = 186*b**2 - 7*b + 8. List the prime factors of i(1).
11, 17
Suppose -5*i + 431 + 173 = 4*b, 0 = i - 4*b - 116. What are the prime factors of i?
2, 3, 5
Let m = -22 + 39. Let n(w) = w**3 - 11*w**2 + 10*w - 9. Let z be n(10). Let o = z + m. What are the prime factors of o?
2
Let p = 205 - 146. List the prime factors of p.
59
Suppose 20 = x + 4*x. Suppose 12 = -2*u + 3*u + x*o, -24 = -2*u + o. List the prime factors of u.
2, 3
List the prime factors of 43/4 - (-5)/20.
11
Suppose 0*v + v = 57. What are the prime factors of v?
3, 19
Let r(n) = -n**3 - 8*n**2 + 9*n + 9. Let j(p) = 3*p**3 + 25*p**2 - 27*p - 27. Let x(u) = -2*j(u) - 7*r(u). What are the prime factors of x(-7)?
5
Let d = -5 + -1. Let p = -3 - d. List the prime factors of 1 + 3/p - -8.
2, 5
List the prime factors of 3/(-1 - 37/(-34)).
2, 17
Let a(h) = 3*h - 2. Let x(t) = 7*t - 4. Let g(o) = 7*a(o) - 4*x(o). Let d(b) = -3*b + 1. Let i(q) = -5*d(q) + 2*g(q). List the prime factors of i(7).
2, 3
Let n(b) = -b**2 + b + 94. What are the prime factors of n(0)?
2, 47
Suppose 2*j = -0*j - 12. What are the prime factors of 9/j*2*-7?
3, 7
Suppose 1 = 3*l - 3*y - 2, 0 = 2*l - 5*y - 5. Suppose l*j = 2*j. What are the prime factors of -4*(j - 17/4)?
17
Let p(x) = 16*x. Let c be p(5). Suppose c = 3*f + f. Suppose f = i - 3*q, 2*i - 3*q = 4*i - 13. What are the prime factors of i?
11
Let i = -2 - -5. Suppose 0 = i*q + 5*r - 27, -3*r = -0*q + 5*q - 29. What are the prime factors of q?
2
Suppose 0 = 5*k + 42 - 17. What are the prime factors of (-2 + k)*(0 + -3)?
3, 7
Let v(z) = -8*z - 6. Let f be v(-11). Let r = f - 56. List the prime factors of r.
2, 13
List the prime factors of (-2 + (-820)/(-15))*3.
2, 79
Let u(t) = -13*t + 4. Let g be u(-4). Suppose g = 5*b - 9. What are the prime factors of b?
13
Suppose l + 5*u - 62 = 0, l + l + 2*u = 92. What are the prime factors of l?
2, 3, 7
Let i(x) = -x + 11. Let v be i(6). List the prime factors of (-110)/(-4) - v/(-10).
2, 7
Let p(v) = -v + 1. Let s(j) = -4*j + 4. Let d be s(3). What are the prime factors of p(d)?
3
Let a(n) = -n + 4. Let s be a(4). Suppose -3*x + s*x = -15. What are the prime factors of x?
5
Let m be (-15 + 9)*1*-1. Let f(w) = w**2 - 6*w + 5. Let c be f(m). Suppose 0 = c*n - 24 - 26. What are the prime factors of n?
2, 5
Suppose 3*g = 3*x - 3, -8 = -4*x + 3*g - 1. Suppose -2*d = -x*d - 32. List the prime factors of d/6*(-18)/4.
2, 3
Suppose 0 = b + 5*l - 168, 0*l - 3*l - 168 = -b. What are the prime factors of b?
2, 3, 7
Let l(v) = 2*v**2 - 10*v - 17. List the prime factors of l(-4).
5, 11
Let t = -139 - -229. List the prime factors of t.
2, 3, 5
Suppose 0 = -3*p + 15 - 147. Let a = p - -24. Let s = a - -35. List the prime factors of s.
3, 5
Suppose -3 = -4*n - 3*d, n - d - 2 = 4. Suppose -3*t = -5*a - 16, -n*t + a + 4 = 2*a. Suppose -2*r - t*r + 32 = 0. List the prime factors of r.
2
Let o = -7 - -9. Let d = 1 + o. Suppose 3*p - 4*j - 8 + 1 = 0, 4*p - 14 = d*j. What are the prime factors of p?
5
Let y(p) = p**2 - 1 - 2*p + 3*p + 0. Let v be y(2). Suppose v*h - 3 = 87. What are the prime factors of h?
2, 3
Let g = -8 + 1. Let w = -7 - g. Let v(k) = -k**2 + k + 4. List the prime factors of v(w).
2
Suppose 0 = -3*c + 15, 3*c + c - 272 = -2*a. List the prime factors of a.
2, 3, 7
Suppose 0 = -2*l + 2*w - 6 + 22, 0 = 3*w + 15. Let t be (-2)/(-6)*27/l. Suppose -j + 5*f + 20 = 2*f, -t*j - 2*f + 49 = 0. What are the prime factors of j?
17
Suppose -4*l - 176 = -5*v, 2*l - 3*v + 88 = -7*v. Let j = -24 - l. What are the prime factors of j?
2, 5
What are the prime factors of (-21)/2*(-72)/42?
2, 3
What are the prime factors of 446/8 - (-3)/(-4)?
5, 11
Let l = 34 - -13. List the prime factors of l.
47
Suppose 0 = n + 5*g - 2, -g = -2*n - 58 + 18. Let b = -6 - n. What are the prime factors of b?
2, 3
Let l(z) = 2*z**2 + 4*z + 6. List the prime factors of l(-4).
2, 11
Suppose 0 = -0*c - 2*c + 188. List the prime factors of c.
2, 47
Let j(p) = 17*p + 3. What are the prime factors of j(2)?
37
Suppose -16*c + 510 = -11*c. List the prime factors of c.
2, 3, 17
Let v(b) = -b**3 + 4*b**2 + b + 4. Suppose -10 = -0*z - 2*z. Let o be v(z). Let w = 2 - o. What are the prime factors of w?
2, 3
List the prime factors of (357/14)/((-3)/(-4)).
2, 17
Let y = -4 - -7. Suppose -r - y*a = 5, 0*r - r + 5*a = -11. Suppose -r = -o + 7. What are the prime factors of o?
2
Let f be ((-2)/14)/(11/(-77)). What are the prime factors of (f - 4)*286/(-33)?
2, 13
Let n be 3 + (-3)/(6/1966). What are the prime factors of n/(-55) + 2/11?
2, 3
Suppose -r = -4 + 3. Let s(b) = r - 8*b**3 + 1 - 1. List the prime factors of s(-1).
3
Let z be (-35)/10 - 2/4. Let y be (-162)/z + (-4)/(-8). Suppose -4*u + y = -7. What are the prime factors of u?
2, 3
Suppose 5*k - 11 = -2*t, -5*k - 2*t + 10 = -k. Let y = 1 - k. Suppose y = 3*c + 5 - 17. What are the prime factors of c?
2
Suppose 4*i + 28 - 320 = 0. What are the prime factors of i?
73
What are the prime factors of 0/(-2) - 210/(-6)?
5, 7
Let v(g) = g**3 + 9*g**2 - 19*g + 14. What are the prime factors of v(-10)?
2, 13
Suppose -12*a - 2*a = -2898. What are the prime factors of a?
3, 23
What are the prime factors of (-12)/18 + (0 - (-56)/12)?
2
Let h(u) = -16*u - 2. Let g be h(2). Let t = -15 - g. Suppose 4*d - 17 = t. List the prime factors of d.
3
Let k(l) be the third derivative of 7*l**6/60 + l**5/60 + l**4/12 - l**3/3 + 6*l**2. List the prime factors of k(1).
3, 5
Let z = -26 + 15. Let j = -7 - z. Suppose -3*g = 2*o - 49, -j*g + 50 = -3*o - 2*o. List the prime factors of g.
3, 5
Let s(t) = 2*t**2 - t. Let k be s(2). Suppose 2*m - 14 = k. Let i = -3 + m. What are the prime factors of i?
7
Suppose -3*f - 1 = -10, 2*d - 2*f - 26 = 0. What are the prime factors of d?
2
Let h = -2 + 11. Suppose 3*l - 5*u = -9 - 5, 11 = -5*l - 4*u. Let n = h + l. List the prime factors of n.
2, 3
Let z be ((11 + -3)/4)/2. List the prime factors of (7 + -25)/((-1)/z).
2, 3
Suppose p + 3*t = 75, 5*t + 14 = 3*p - 141. List the prime factors of p.
2, 3, 5
Let v(d) = 2*d**3. Let p be v(1). Suppose u + 3*w = 30, 3*u - 2*u - 40 = p*w. What are the prime factors of u?
2, 3
Suppose -9 = -4*w + 3*l, -5*w + 15 = l - 1. Let j(y) = -y**2 + 4*y. Let p be j(w). Let f = 9 + p. List the prime factors of f.
2, 3
Let j = -48 - -69. Suppose 3*t + 0*t - 17 = -c, 4*t + 3*c = j. What are the prime factors of t?
2, 3
Suppose -2*s + 146 - 2 = 0. What are the prime factors of s?
2, 3
Let l be 2*(-7)/(-4)*-2. Let v be 130/14 - (-2)/l. Suppose 4*f - u + 6*u = v, -4*f + 5*u = -39. List the prime factors of f.
2, 3
Let g be 6/4*(-16)/(-6). Suppose 2*i - 2*k = 10, 4*i = -g*k + 12 - 0. What are the prime factors of i?
2
Suppose 0 = 5*n - 4*y + 2, 2*n - y - 2*y + 5 = 0. Let l be (3/n + -2)*0. Let i(c) = c + 12. What are the prime factors of i(l)?
2, 3
Suppose -26 + 710 = 3*o. What are the prime factors of o?
2, 3, 19
Let n be (3 - (0 + 4)) + 3. Suppose 12 = j - x, 3*x + n*x = 10. List the prime factors of j.
2, 7
Let n = 59 + -40. What are the prime factors of n?
19
Let y = 0 + -11. Let w(g) = 8*g**3 + 11*g**2 - 11*g - 40. Let u(f) = -3*f**3 - 4*f**2 + 4*f + 13. Let x(s) = y*u(s) - 4*w(s). List the prime factors of x(0).
17
What are the prime factors of (-36)/((-4)/2)*1?
2, 3
Let t(v) = 6*v - 8. What are the prime factors of t(5)?
2, 11
Let y be 0 + 1 + -3 + 0. What are the prime factors of (-9)/y*(-24)/(-9)?
2, 3
Let f be (-2)/3*(0 + -3). Let n(c) = -f*c**2 + 3*c**2 - c + 0*c**3 + c**3 + 2. What are the prime factors of n